. Suppose 141 = -w*p + 5*p. List the prime factors of p.
47
Suppose 560 + 170 = 5*p - 2*h, 5*p = -h + 730. What are the prime factors of p?
2, 73
Suppose 3*l - 7*l = -496. What are the prime factors of l/(-1 - (0 - 3))?
2, 31
Let w(u) be the third derivative of 13*u**4/24 - 13*u**3/6 + 5*u**2. What are the prime factors of w(6)?
5, 13
Let u(r) = 10*r + 40. Suppose -9*f + 7*f = -40. What are the prime factors of u(f)?
2, 3, 5
Suppose -4 = 2*w + 6. What are the prime factors of -5*w/100*164?
41
Let j(n) = -3*n**3 + 3*n**2 + 3*n + 7. Let t be ((-32)/24)/((-1)/(-3)). Let a be j(t). Suppose 6*q - a = q. What are the prime factors of q?
47
Suppose 5*j + 2 = -8. Let h(w) = -48*w + 15. What are the prime factors of h(j)?
3, 37
Suppose -3*v = -12*v + 7992. List the prime factors of (-2)/10 + v/15.
59
List the prime factors of (10480/(-32))/(5/(-2)).
131
Let h be (-2 - 12) + (-1 - -3). Let i be 6/21 + h/(-7). Suppose -44 = -i*x - 4. List the prime factors of x.
2, 5
Let q = 337 - 177. Let x(g) = -6*g**3 - 2*g**2 - g. Let n be x(-1). Suppose -n*u = -0*u - q. What are the prime factors of u?
2
Let f(j) = 8*j**2 - 63*j + 48. What are the prime factors of f(-20)?
2, 7, 23
Suppose 25 = 2*t + 3*n, -4*t = 2*n - 11 - 19. Let j(y) = 2*y**2 + 17*y - 50. What are the prime factors of j(t)?
5, 17
Let y = -41 + 25. Let h = y + 20. Suppose 6*s - s = -h*k + 30, 0 = 3*s - 5*k - 55. What are the prime factors of s?
2, 5
Suppose 6*m - 10*m = -4*f - 7832, 5*f - 3895 = -2*m. List the prime factors of m.
5, 17, 23
Suppose -10458 = -3*m - 15*m. What are the prime factors of m?
7, 83
Let f(c) be the first derivative of -7*c**2/2 - 5*c - 15. What are the prime factors of f(-7)?
2, 11
Suppose o = -3*u + 3*o + 17, 3*o = -5*u + 22. Let d = u + -2. Suppose l = -d*l + 244. What are the prime factors of l?
61
Suppose -20*f = -13*f - 5047. What are the prime factors of f?
7, 103
Let u be -3*(5 - 0)*1. Let w = -72 - -26. Let o = u - w. List the prime factors of o.
31
Let h(n) = n**3 - 3*n**2 - 4*n - 3. Let y be h(4). Let i = y - 0. Let u = 5 - i. List the prime factors of u.
2
Let j be (3/(-2))/(2/8). Suppose 4*i - 3*a = 2*a + 56, 14 = i - 3*a. Let y = j + i. List the prime factors of y.
2
Suppose 4*r - 133 = 71. Suppose 2*y + 144 = 2*g, 5*g + 4*y - 264 = r. Suppose -2*w = -g + 13. List the prime factors of w.
3
Suppose 3*j + 4*s = -12, 4*j - 6 = -s + 3*s. Suppose j = w + 1. What are the prime factors of 14/2*(2 - w)?
3, 7
Suppose -3*r - 44 = -3*n + 76, 3*r + 206 = 5*n. List the prime factors of ((-9)/(-9))/(1/n).
43
What are the prime factors of 47/((-103)/42 + 240/96)?
3, 7, 47
Suppose 0 = 3*m - 101 - 70. Let x = m - 21. What are the prime factors of x?
2, 3
Let l = 712 + 1667. List the prime factors of l.
3, 13, 61
List the prime factors of (-2055)/12*20/(-2 - 3).
5, 137
Let t(d) = d**3 + 11*d**2 - 29*d + 3. Let a(m) = -m**3 + 8*m**2 - 10*m + 8. Let c be a(7). List the prime factors of t(c).
2, 3, 7
Let g = -70 - -80. Suppose g*i - i - 2205 = 0. List the prime factors of i.
5, 7
Suppose 0 = 5*a - 142 - 8. Suppose 0 = -u - 2*u + 9, -p = 3*u - 5. Let j = p + a. What are the prime factors of j?
2, 13
What are the prime factors of 227181/328 - 3/(-8)?
3, 7, 11
Let y be 3/(-6)*-1*6. Suppose -5*i = -z - 376, -5*i + y*z - 72 + 440 = 0. List the prime factors of i.
2, 19
Let r be 4 - (2 + (-6)/3). Suppose 0 = 4*m + r, -3*j + 0*j = 3*m - 12. Let t = 1 + j. What are the prime factors of t?
2, 3
Suppose -3*o - 7 = 3*x - 5*x, x - 5*o = 7. Let u be 1 + x - (-81)/(-9). Let q = u + 18. What are the prime factors of q?
2, 3
Let i = 83 - -124. What are the prime factors of i?
3, 23
Let a(g) = -4*g**3 - 19*g**2 + 5*g - 128. List the prime factors of a(-11).
2, 7, 29
Let p(m) = -m**2 - 45*m - 36. What are the prime factors of p(-25)?
2, 29
Suppose 2*b - x = -4*x + 829, 5*x - 823 = -2*b. Let i = b + -194. What are the prime factors of i?
3, 5
Suppose 9394 = 6*z + 1816. What are the prime factors of z?
3, 421
Let f be 2/(-10) + (-624)/(-20). Let o = f + -17. List the prime factors of o.
2, 7
Suppose 5*l - 13*y = -17*y + 13800, 5*l = y + 13825. List the prime factors of l.
2, 691
Let i be (45/(-10))/(1/(-6)). Let g be (-29)/(-9) - 6/i. What are the prime factors of (13 + g)/4 + 0?
2
Let j(d) = 17*d - 9. Let r be j(-5). Let l = r - -193. What are the prime factors of l?
3, 11
Let c(z) = -7*z + 7. Let o be c(8). Let q = o - -82. List the prime factors of q.
3, 11
Suppose 21*m + 5*u = 17*m + 7, -4*m - 14 = -2*u. Let p(f) = 4 - 3*f + 6*f**2 + 8*f + 0*f**2 + f**3. List the prime factors of p(m).
2, 5
Suppose 3*d - 3610 = b, -2*d - 17*b + 18*b + 2407 = 0. List the prime factors of d.
3, 401
Suppose -5*o + 4*l = -6*o + 2, 4*o = -4*l - 4. List the prime factors of -2 + 6040/28 - o/7.
2, 107
Let j = 67 + -62. Suppose j*l + 460 = 5*m, 4*l = m - 3*m + 172. What are the prime factors of m?
2, 3, 5
What are the prime factors of (-29130)/(-65) - 3*2/39?
2, 7
Let a(v) = 3*v**2 + 9*v + 2. List the prime factors of a(-7).
2, 43
Suppose -4*y - 20 = 0, p + 3*y - 223 = -y. What are the prime factors of p?
3
Let t = -3 - -6. Let f = 2 - t. List the prime factors of 27*f*(-10)/10.
3
Let a = -443 - -668. List the prime factors of a.
3, 5
Suppose 0*w = -20*w + 46320. List the prime factors of w.
2, 3, 193
List the prime factors of 10*136 + -1 - -4.
29, 47
Let o = 614 + -76. List the prime factors of o.
2, 269
Suppose 3*s - 2*a - 1663 = 0, -2*a - 22 = -s + 527. List the prime factors of s.
557
Let s(q) = -53*q**2 + q + 1. Let j be s(2). Let l = -39 - j. What are the prime factors of l?
2, 5, 17
Let a be (32/12 + -2)*135/(-3). Let h = a + 102. What are the prime factors of h?
2, 3
Suppose 12*u = 14072 + 208. What are the prime factors of u?
2, 5, 7, 17
Let p(m) = 4*m - 13. Suppose -4*w = -0*w - 36. What are the prime factors of p(w)?
23
Let l(p) = 1. Let m(q) = q + 6. Let z(f) = 2*l(f) - m(f). Let x be z(-17). Let w = 37 - x. List the prime factors of w.
2, 3
Let r be 2/6 - 1470/(-18). Suppose 28 = 11*m - r. List the prime factors of m.
2, 5
Suppose 0 = -3*s - 2*i, 4*i + 0*i = 4*s + 20. Let g be -2 + 7 + (s - 1). Suppose -g*p = -3*v + 70, -5*p = -p + 20. What are the prime factors of v?
2, 5
Let r(n) = -11*n**3 - 12*n**2 - 9*n - 15. What are the prime factors of r(-5)?
5, 13, 17
Let r(n) = -n + 77. Let g be r(0). Suppose -3*d - 3 = 0, -14*w = -12*w + 3*d + 29. Let i = g + w. List the prime factors of i.
2
Let a = -11 + 17. Let w be 2/a*6*2. Suppose 35 - 99 = -w*g. List the prime factors of g.
2
Let w(y) = y**3 + 11*y**2 + 7*y - 23. Let d be w(-10). Let b = -2 - 16. Let z = d - b. What are the prime factors of z?
5
Let b(m) = 3*m - 1. Suppose 0 = 4*d - 16, -2*j + 16 = 7*d - 3*d. Suppose j = 2*u + 6, p = -2*u - 1 - 1. What are the prime factors of b(p)?
11
Suppose 4*m - 4*l + 51976 = 7*m, 0 = m - 5*l - 17338. List the prime factors of 1 + 3/(-5) - m/(-80).
7, 31
Let w = 8041 + -3708. List the prime factors of w.
7, 619
Let g = -8 + 6. Let s be (0/(-6))/(g - -4). Suppose z - 1 - 6 = s. What are the prime factors of z?
7
Suppose -4*t + 5*g + 3274 = 0, -6*t + 4*g + 813 = -5*t. List the prime factors of t.
821
Suppose 6 = 4*w - 6. Suppose -k - 3*z + 33 + 56 = 0, 0 = w*z. List the prime factors of k.
89
Let a(n) = 2 - n**3 + 18*n + 0*n + 4*n**2 - 14*n**2. List the prime factors of a(-12).
2, 37
Let b be -3 + ((-24)/(-3))/2. Let d be 1*(-1 + b)/(-3). Suppose d = 4*z - 96 - 20. What are the prime factors of z?
29
Let a(s) = 0*s - 4*s - s**2 - 5*s**2 - s**3. Suppose 9 = 3*r - 6*r + 3*t, -2*r + 3 = -5*t. What are the prime factors of a(r)?
2, 3
Suppose -3*m + 117 = 15. Let n = m + -3. List the prime factors of n.
31
Suppose -934 - 103 = -17*f. Let s = 189 - f. List the prime factors of s.
2
Let x(o) = 20*o + 9. Let w be x(-6). Let s(b) = 43*b - 95. Let j be s(6). Let v = j + w. What are the prime factors of v?
2, 13
Suppose -r = 3*l - 12943, -l + 5*r + 4341 = -0*r. What are the prime factors of l?
2, 13, 83
Suppose 10*m - 12662 + 1102 = 0. List the prime factors of m.
2, 17
Suppose -7*v - 119 = -8*v + 2*f, 4*v - 421 = -3*f. List the prime factors of v.
109
Let g(y) = y**3 - 8*y**2 - 7*y - 2. What are the prime factors of g(12)?
2, 5, 7
Suppose -2*n = -4*h - n + 152, 5*h - 193 = 2*n. Let a = 19 - h. List the prime factors of 261/a*(-3 